{"id":707,"date":"2024-01-23T11:31:05","date_gmt":"2024-01-23T10:31:05","guid":{"rendered":"https:\/\/galiancogasa.net\/tienda\/?post_type=product&#038;p=707"},"modified":"2026-02-13T21:12:17","modified_gmt":"2026-02-13T20:12:17","slug":"galian-elite","status":"publish","type":"product","link":"https:\/\/galiancogasa.net\/tienda\/producto\/galian-elite\/","title":{"rendered":"GALIAN DOGS ELITE 20 KG"},"content":{"rendered":"<p><strong>Composici\u00f3n\u00a0<\/strong><\/p>\n<p><span style=\"font-weight: 400\">Carne y subproductos de pollo y ternera (min. 4% de Pollo), cereales seleccionados (ma\u00edz y trigo), arroz (10%), pasta, subproductos de origen vegetal, aceite y grasas animales (manteca de cerdo ib\u00e9rico), hidrolizado de h\u00edgado de pollo, aceites esenciales (or\u00e9gano, canela, clavo, tomillo y romero), extracto de equin\u00e1cea purp\u00farea, prebi\u00f3ticos (manano-oligosac\u00e1ridos y betaglucanos, biorregulador intestinal y estimulante del sistema inmune, minerales y vitaminas. Conservantes naturales (aceites vegetales ricos en tocoferoles).<\/span><\/p>\n<p><strong>Componentes anal\u00edticos<\/strong><\/p>\n<p><span style=\"font-weight: 400\">Prote\u00edna 32%, grasa 20%, fibra 4%, materia inorg\u00e1nica 10%. Aditivos nutricionales: Vitaminas, provitaminas: 20000 UI\/kg Vitamina A, 2000 UI\/kg Vitamina D3, 90 UI\/kg Vitamina E, 1 mg\/kg Vitamina K3, 1.335 mg\/kg Vitamina B1, 4 mg\/kg Vitamina B2, 2 mg\/kg Vitamina B6, 0.0225 mg\/kg Vitamina B12, 20 mg\/kg Niacina (3a314), 10 mg\/kg D-Pantotenato c\u00e1lcico (E-3a841), 0.25 mg\/kg \u00c1cido f\u00f3lico (3a316), 0.15 mg\/kg Biotina (3a880), 250 mg\/kg Cloruro de colina (3a890). Compuestos de oligoelementos: Manganeso (oxido de manganeso (II)) (36502): 20 mg\/Kg, Iodo (yoduro de potasio) (3b201): 1 mg\/Kg, Zinc (\u00f3xido de zinc) (3b603): 100 mg\/Kg, Cobre (sulfato de cobre (II) pentahidratado) (36405): 10 mg\/Kg, Hierro (sulfato de hierro (II), monohidratado) (36103): 80 mg\/Kg, Selenio (Selenito de sodio) (36801): 0,25 mg\/Kg, Antioxidante: B.H.T. (E-321), Soporte: Carbonato de calcio c.s.p. 0,005 Kg<\/span><\/p>\n<p><strong>Formatos disponibles<\/strong><\/p>\n<p><span style=\"font-weight: 400\">20KG envasado en saco de rafia (referencia 9701230).<\/span><\/p>\n<p><strong>Instrucciones de uso<\/strong><\/p>\n<p><span style=\"font-weight: 400\">El producto debe ser administrado en forma seca, deje siempre agua fresca disponible para su perro.<\/span><\/p>\n<p><strong>Observaciones<\/strong><\/p>\n<p><span style=\"font-weight: 400\">Conservar el producto en lugar fresco y seco. En \u00e9pocas de calor, almacenar la menor cantidad posible.<\/span><\/p>\n<p><strong>Tabla de racionamiento<\/strong><\/p>\n<table>\n<tbody>\n<tr>\n<td><span style=\"font-weight: 400\">Raci\u00f3n diaria<\/span><\/td>\n<td><span style=\"font-weight: 400\">Peso del perro<\/span><\/td>\n<\/tr>\n<tr>\n<td><span style=\"font-weight: 400\">110g-190g<\/span><\/td>\n<td><span style=\"font-weight: 400\">5\/10 KG<\/span><\/td>\n<\/tr>\n<tr>\n<td><span style=\"font-weight: 400\">190g-320g<\/span><\/td>\n<td><span style=\"font-weight: 400\">10\/20 KG<\/span><\/td>\n<\/tr>\n<tr>\n<td><span style=\"font-weight: 400\">320-435g<\/span><\/td>\n<td><span style=\"font-weight: 400\">20\/30 KG<\/span><\/td>\n<\/tr>\n<tr>\n<td><span style=\"font-weight: 400\">435g-545g<\/span><\/td>\n<td><span style=\"font-weight: 400\">30\/40 KG<\/span><\/td>\n<\/tr>\n<tr>\n<td><span style=\"font-weight: 400\">545g-610g<\/span><\/td>\n<td><span style=\"font-weight: 400\">40\/50 KG<\/span><\/td>\n<\/tr>\n<tr>\n<td><span style=\"font-weight: 400\">610g-710g<\/span><\/td>\n<td><span style=\"font-weight: 400\">50\/60 KG<\/span><\/td>\n<\/tr>\n<\/tbody>\n<\/table>\n","protected":false},"excerpt":{"rendered":"<p>Composici\u00f3n\u00a0 Carne y subproductos de pollo y ternera (min. 4% de Pollo), cereales seleccionados (ma\u00edz y trigo), arroz (10%), pasta, subproductos de origen vegetal, aceite y<span class=\"excerpt-hellip\"> [\u2026]<\/span><\/p>\n","protected":false},"featured_media":18846,"template":"","meta":{"_acf_changed":false},"product_brand":[],"product_cat":[253],"product_tag":[265],"class_list":{"0":"post-707","1":"product","2":"type-product","3":"status-publish","4":"has-post-thumbnail","6":"familia_producto-420","7":"product_cat-alimentacion-reptiles","8":"product_tag-galian-dogscats","10":"first","11":"instock","12":"taxable","13":"shipping-taxable","14":"purchasable","15":"product-type-simple"},"acf":[],"yoast_head":"<!-- This site is optimized with the Yoast SEO Premium plugin v25.2 (Yoast SEO v27.3) - https:\/\/yoast.com\/product\/yoast-seo-premium-wordpress\/ -->\n<title>GALIAN DOGS ELITE 20 KG - Galian Cogasa<\/title>\n<meta name=\"robots\" content=\"index, follow, max-snippet:-1, max-image-preview:large, max-video-preview:-1\" \/>\n<link rel=\"canonical\" href=\"https:\/\/galiancogasa.net\/tienda\/producto\/galian-elite\/\" \/>\n<meta property=\"og:locale\" content=\"es_ES\" \/>\n<meta property=\"og:type\" content=\"article\" \/>\n<meta property=\"og:title\" content=\"GALIAN DOGS ELITE 20 KG\" \/>\n<meta property=\"og:description\" content=\"Composici\u00f3n\u00a0 Carne y subproductos de pollo y ternera (min. 4% de Pollo), cereales seleccionados (ma\u00edz y trigo), arroz (10%), pasta, subproductos de origen vegetal, aceite y [\u2026]\" \/>\n<meta property=\"og:url\" content=\"https:\/\/galiancogasa.net\/tienda\/producto\/galian-elite\/\" \/>\n<meta property=\"og:site_name\" content=\"Galian Cogasa\" \/>\n<meta property=\"article:modified_time\" content=\"2026-02-13T20:12:17+00:00\" \/>\n<meta property=\"og:image\" content=\"https:\/\/galiancogasa.net\/tienda\/wp-content\/uploads\/2024\/01\/9701230.jpg\" \/>\n\t<meta property=\"og:image:width\" content=\"1080\" \/>\n\t<meta property=\"og:image:height\" content=\"1080\" \/>\n\t<meta property=\"og:image:type\" content=\"image\/jpeg\" \/>\n<meta name=\"twitter:card\" content=\"summary_large_image\" \/>\n<meta name=\"twitter:label1\" content=\"Tiempo de lectura\" \/>\n\t<meta name=\"twitter:data1\" content=\"2 minutos\" \/>\n<script type=\"application\/ld+json\" class=\"yoast-schema-graph\">{\"@context\":\"https:\\\/\\\/schema.org\",\"@graph\":[{\"@type\":\"WebPage\",\"@id\":\"https:\\\/\\\/galiancogasa.net\\\/tienda\\\/producto\\\/galian-elite\\\/\",\"url\":\"https:\\\/\\\/galiancogasa.net\\\/tienda\\\/producto\\\/galian-elite\\\/\",\"name\":\"GALIAN DOGS ELITE 20 KG - Galian Cogasa\",\"isPartOf\":{\"@id\":\"https:\\\/\\\/galiancogasa.net\\\/tienda\\\/#website\"},\"primaryImageOfPage\":{\"@id\":\"https:\\\/\\\/galiancogasa.net\\\/tienda\\\/producto\\\/galian-elite\\\/#primaryimage\"},\"image\":{\"@id\":\"https:\\\/\\\/galiancogasa.net\\\/tienda\\\/producto\\\/galian-elite\\\/#primaryimage\"},\"thumbnailUrl\":\"https:\\\/\\\/galiancogasa.net\\\/tienda\\\/wp-content\\\/uploads\\\/2024\\\/01\\\/9701230.jpg\",\"datePublished\":\"2024-01-23T10:31:05+00:00\",\"dateModified\":\"2026-02-13T20:12:17+00:00\",\"breadcrumb\":{\"@id\":\"https:\\\/\\\/galiancogasa.net\\\/tienda\\\/producto\\\/galian-elite\\\/#breadcrumb\"},\"inLanguage\":\"es\",\"potentialAction\":[{\"@type\":\"ReadAction\",\"target\":[\"https:\\\/\\\/galiancogasa.net\\\/tienda\\\/producto\\\/galian-elite\\\/\"]}]},{\"@type\":\"ImageObject\",\"inLanguage\":\"es\",\"@id\":\"https:\\\/\\\/galiancogasa.net\\\/tienda\\\/producto\\\/galian-elite\\\/#primaryimage\",\"url\":\"https:\\\/\\\/galiancogasa.net\\\/tienda\\\/wp-content\\\/uploads\\\/2024\\\/01\\\/9701230.jpg\",\"contentUrl\":\"https:\\\/\\\/galiancogasa.net\\\/tienda\\\/wp-content\\\/uploads\\\/2024\\\/01\\\/9701230.jpg\",\"width\":1080,\"height\":1080},{\"@type\":\"BreadcrumbList\",\"@id\":\"https:\\\/\\\/galiancogasa.net\\\/tienda\\\/producto\\\/galian-elite\\\/#breadcrumb\",\"itemListElement\":[{\"@type\":\"ListItem\",\"position\":1,\"name\":\"Home\",\"item\":\"https:\\\/\\\/galiancogasa.net\\\/tienda\\\/\"},{\"@type\":\"ListItem\",\"position\":2,\"name\":\"Tienda\",\"item\":\"https:\\\/\\\/galiancogasa.net\\\/tienda\\\/tienda\\\/\"},{\"@type\":\"ListItem\",\"position\":3,\"name\":\"GALIAN DOGS ELITE 20 KG\"}]},{\"@type\":\"WebSite\",\"@id\":\"https:\\\/\\\/galiancogasa.net\\\/tienda\\\/#website\",\"url\":\"https:\\\/\\\/galiancogasa.net\\\/tienda\\\/\",\"name\":\"Galian Cogasa\",\"description\":\"Tienda Online\",\"publisher\":{\"@id\":\"https:\\\/\\\/galiancogasa.net\\\/tienda\\\/#organization\"},\"potentialAction\":[{\"@type\":\"SearchAction\",\"target\":{\"@type\":\"EntryPoint\",\"urlTemplate\":\"https:\\\/\\\/galiancogasa.net\\\/tienda\\\/?s={search_term_string}\"},\"query-input\":{\"@type\":\"PropertyValueSpecification\",\"valueRequired\":true,\"valueName\":\"search_term_string\"}}],\"inLanguage\":\"es\"},{\"@type\":\"Organization\",\"@id\":\"https:\\\/\\\/galiancogasa.net\\\/tienda\\\/#organization\",\"name\":\"Galian Cogasa SL\",\"url\":\"https:\\\/\\\/galiancogasa.net\\\/tienda\\\/\",\"logo\":{\"@type\":\"ImageObject\",\"inLanguage\":\"es\",\"@id\":\"https:\\\/\\\/galiancogasa.net\\\/tienda\\\/#\\\/schema\\\/logo\\\/image\\\/\",\"url\":\"https:\\\/\\\/galiancogasa.net\\\/tienda\\\/wp-content\\\/uploads\\\/2024\\\/01\\\/logo-galian-v2.png\",\"contentUrl\":\"https:\\\/\\\/galiancogasa.net\\\/tienda\\\/wp-content\\\/uploads\\\/2024\\\/01\\\/logo-galian-v2.png\",\"width\":6156,\"height\":2296,\"caption\":\"Galian Cogasa SL\"},\"image\":{\"@id\":\"https:\\\/\\\/galiancogasa.net\\\/tienda\\\/#\\\/schema\\\/logo\\\/image\\\/\"}}]}<\/script>\n<!-- \/ Yoast SEO Premium plugin. -->","yoast_head_json":{"title":"GALIAN DOGS ELITE 20 KG - Galian Cogasa","robots":{"index":"index","follow":"follow","max-snippet":"max-snippet:-1","max-image-preview":"max-image-preview:large","max-video-preview":"max-video-preview:-1"},"canonical":"https:\/\/galiancogasa.net\/tienda\/producto\/galian-elite\/","og_locale":"es_ES","og_type":"article","og_title":"GALIAN DOGS ELITE 20 KG","og_description":"Composici\u00f3n\u00a0 Carne y subproductos de pollo y ternera (min. 4% de Pollo), cereales seleccionados (ma\u00edz y trigo), arroz (10%), pasta, subproductos de origen vegetal, aceite y [\u2026]","og_url":"https:\/\/galiancogasa.net\/tienda\/producto\/galian-elite\/","og_site_name":"Galian Cogasa","article_modified_time":"2026-02-13T20:12:17+00:00","og_image":[{"width":1080,"height":1080,"url":"https:\/\/galiancogasa.net\/tienda\/wp-content\/uploads\/2024\/01\/9701230.jpg","type":"image\/jpeg"}],"twitter_card":"summary_large_image","twitter_misc":{"Tiempo de lectura":"2 minutos"},"schema":{"@context":"https:\/\/schema.org","@graph":[{"@type":"WebPage","@id":"https:\/\/galiancogasa.net\/tienda\/producto\/galian-elite\/","url":"https:\/\/galiancogasa.net\/tienda\/producto\/galian-elite\/","name":"GALIAN DOGS ELITE 20 KG - Galian Cogasa","isPartOf":{"@id":"https:\/\/galiancogasa.net\/tienda\/#website"},"primaryImageOfPage":{"@id":"https:\/\/galiancogasa.net\/tienda\/producto\/galian-elite\/#primaryimage"},"image":{"@id":"https:\/\/galiancogasa.net\/tienda\/producto\/galian-elite\/#primaryimage"},"thumbnailUrl":"https:\/\/galiancogasa.net\/tienda\/wp-content\/uploads\/2024\/01\/9701230.jpg","datePublished":"2024-01-23T10:31:05+00:00","dateModified":"2026-02-13T20:12:17+00:00","breadcrumb":{"@id":"https:\/\/galiancogasa.net\/tienda\/producto\/galian-elite\/#breadcrumb"},"inLanguage":"es","potentialAction":[{"@type":"ReadAction","target":["https:\/\/galiancogasa.net\/tienda\/producto\/galian-elite\/"]}]},{"@type":"ImageObject","inLanguage":"es","@id":"https:\/\/galiancogasa.net\/tienda\/producto\/galian-elite\/#primaryimage","url":"https:\/\/galiancogasa.net\/tienda\/wp-content\/uploads\/2024\/01\/9701230.jpg","contentUrl":"https:\/\/galiancogasa.net\/tienda\/wp-content\/uploads\/2024\/01\/9701230.jpg","width":1080,"height":1080},{"@type":"BreadcrumbList","@id":"https:\/\/galiancogasa.net\/tienda\/producto\/galian-elite\/#breadcrumb","itemListElement":[{"@type":"ListItem","position":1,"name":"Home","item":"https:\/\/galiancogasa.net\/tienda\/"},{"@type":"ListItem","position":2,"name":"Tienda","item":"https:\/\/galiancogasa.net\/tienda\/tienda\/"},{"@type":"ListItem","position":3,"name":"GALIAN DOGS ELITE 20 KG"}]},{"@type":"WebSite","@id":"https:\/\/galiancogasa.net\/tienda\/#website","url":"https:\/\/galiancogasa.net\/tienda\/","name":"Galian Cogasa","description":"Tienda Online","publisher":{"@id":"https:\/\/galiancogasa.net\/tienda\/#organization"},"potentialAction":[{"@type":"SearchAction","target":{"@type":"EntryPoint","urlTemplate":"https:\/\/galiancogasa.net\/tienda\/?s={search_term_string}"},"query-input":{"@type":"PropertyValueSpecification","valueRequired":true,"valueName":"search_term_string"}}],"inLanguage":"es"},{"@type":"Organization","@id":"https:\/\/galiancogasa.net\/tienda\/#organization","name":"Galian Cogasa SL","url":"https:\/\/galiancogasa.net\/tienda\/","logo":{"@type":"ImageObject","inLanguage":"es","@id":"https:\/\/galiancogasa.net\/tienda\/#\/schema\/logo\/image\/","url":"https:\/\/galiancogasa.net\/tienda\/wp-content\/uploads\/2024\/01\/logo-galian-v2.png","contentUrl":"https:\/\/galiancogasa.net\/tienda\/wp-content\/uploads\/2024\/01\/logo-galian-v2.png","width":6156,"height":2296,"caption":"Galian Cogasa SL"},"image":{"@id":"https:\/\/galiancogasa.net\/tienda\/#\/schema\/logo\/image\/"}}]}},"_links":{"self":[{"href":"https:\/\/galiancogasa.net\/tienda\/wp-json\/wp\/v2\/product\/707","targetHints":{"allow":["GET"]}}],"collection":[{"href":"https:\/\/galiancogasa.net\/tienda\/wp-json\/wp\/v2\/product"}],"about":[{"href":"https:\/\/galiancogasa.net\/tienda\/wp-json\/wp\/v2\/types\/product"}],"wp:featuredmedia":[{"embeddable":true,"href":"https:\/\/galiancogasa.net\/tienda\/wp-json\/wp\/v2\/media\/18846"}],"wp:attachment":[{"href":"https:\/\/galiancogasa.net\/tienda\/wp-json\/wp\/v2\/media?parent=707"}],"wp:term":[{"taxonomy":"product_brand","embeddable":true,"href":"https:\/\/galiancogasa.net\/tienda\/wp-json\/wp\/v2\/product_brand?post=707"},{"taxonomy":"product_cat","embeddable":true,"href":"https:\/\/galiancogasa.net\/tienda\/wp-json\/wp\/v2\/product_cat?post=707"},{"taxonomy":"product_tag","embeddable":true,"href":"https:\/\/galiancogasa.net\/tienda\/wp-json\/wp\/v2\/product_tag?post=707"}],"curies":[{"name":"wp","href":"https:\/\/api.w.org\/{rel}","templated":true}]}}