{"id":6638,"date":"2024-03-17T12:20:08","date_gmt":"2024-03-17T11:20:08","guid":{"rendered":"https:\/\/galiancogasa.net\/tienda\/producto\/pasta-de-cria-amarilla-galian-900-gr-cu\/"},"modified":"2026-02-13T21:04:22","modified_gmt":"2026-02-13T20:04:22","slug":"pasta-de-cria-amarilla-galian-900-gr-cu","status":"publish","type":"product","link":"https:\/\/galiancogasa.net\/tienda\/producto\/pasta-de-cria-amarilla-galian-900-gr-cu\/","title":{"rendered":"PASTA DE CRIA AMARILLA GALIAN 900 GR CU"},"content":{"rendered":"<p>Pasta de cr\u00eda amarilla para p\u00e1jaros de compa\u00f1\u00eda. Alimento ideal para asegurar el crecimiento y desarrollo \u00f3ptimo de los polluelos.<\/p>\n<p>Formulada con ingredientes de alta calidad, esta pasta proporciona todos los nutrientes esenciales que los p\u00e1jaros j\u00f3venes necesitan durante sus primeras etapas de vida. Adem\u00e1s, su atractivo color amarillo estimula el apetito de los peque\u00f1os p\u00e1jaros, asegurando que obtengan la energ\u00eda y prote\u00ednas necesarias para un crecimiento saludable.<\/p>\n<p><u>Composici\u00f3n<\/u><\/p>\n<p>Trigo panificado, avena panificada, soja micronizada, levadura, huevo en polvo, jarabe de agave, semilla de n\u00edger, carbonato c\u00e1lcico, aceite de girasol.<\/p>\n<p><u>Componentes anal\u00edticos<\/u><\/p>\n<p>Humedad 11,25%, prote\u00ednas 15,69%, grasas 12,80%, fibras 5,80%, cenizas 1,88%.<\/p>\n<p>Aditivos (por 1kg de producto): 2000UI Vitamina D3 (3a671). Oligoelementos: 30mg Hierro (carbonato de hierro (II)(Siderita))(3b101), 3mg Cobre (sulfato c\u00faprico, pentahidratado)(E4), 50mg Manganeso (\u00f3xido de manganeso(II))(3b502), 40mg Cinc (\u00f3xido de cinc)(3b603), 1mg Yodo (Yodato de calcio anhidro granulado recubierto)(3b203), 0,10mg Selenio (selenito de sodio)(E8). Ligantes: 450mg Sepiolita (E562). Conservantes, Antioxidantes.<\/p>\n<p><u>Formatos disponibles<\/u><\/p>\n<p>25KG envasado en saco (referencia 9512515) y 5KG (referencia 9512510) y 900GR (referencia 9512500) en cubos.<\/p>\n<p><u>Instrucciones de uso<\/u><\/p>\n<p>A libre disposici\u00f3n.<\/p>\n<p><u>Observaciones<\/u><\/p>\n<p>Conservar el producto en lugar fresco y seco. En \u00e9pocas de calor, almacenar la menor cantidad posible.<\/p>\n","protected":false},"excerpt":{"rendered":"<p>Pasta de cr\u00eda amarilla para p\u00e1jaros de compa\u00f1\u00eda. Alimento ideal para asegurar el crecimiento y desarrollo \u00f3ptimo de los polluelos.<\/p>\n<p>Formulada con ingredientes de alta calidad, esta pasta proporciona todos los nutrientes esenciales que los p\u00e1jaros j\u00f3venes necesitan durante sus primeras etapas de vida. Adem\u00e1s, su atractivo color amarillo estimula el apetito de los peque\u00f1os p\u00e1jaros, asegurando que obtengan la energ\u00eda y prote\u00ednas necesarias para un crecimiento saludable.<\/p>\n","protected":false},"featured_media":18654,"template":"","meta":{"_acf_changed":false},"product_brand":[],"product_cat":[151],"product_tag":[],"class_list":{"0":"post-6638","1":"product","2":"type-product","3":"status-publish","4":"has-post-thumbnail","6":"familia_producto-416","7":"product_cat-pastas","9":"first","10":"instock","11":"taxable","12":"shipping-taxable","13":"purchasable","14":"product-type-simple"},"acf":[],"yoast_head":"<!-- This site is optimized with the Yoast SEO Premium plugin v25.2 (Yoast SEO v27.2) - https:\/\/yoast.com\/product\/yoast-seo-premium-wordpress\/ -->\n<title>PASTA DE CRIA AMARILLA GALIAN 900 GR CU - Galian Cogasa<\/title>\n<meta name=\"robots\" content=\"index, follow, max-snippet:-1, max-image-preview:large, max-video-preview:-1\" \/>\n<link rel=\"canonical\" href=\"https:\/\/galiancogasa.net\/tienda\/producto\/pasta-de-cria-amarilla-galian-900-gr-cu\/\" \/>\n<meta property=\"og:locale\" content=\"es_ES\" \/>\n<meta property=\"og:type\" content=\"article\" \/>\n<meta property=\"og:title\" content=\"PASTA DE CRIA AMARILLA GALIAN 900 GR CU\" \/>\n<meta property=\"og:description\" content=\"Pasta de cr\u00eda amarilla para p\u00e1jaros de compa\u00f1\u00eda. Alimento ideal para asegurar el crecimiento y desarrollo \u00f3ptimo de los polluelos.  Formulada con ingredientes de alta calidad, esta pasta proporciona todos los nutrientes esenciales que los p\u00e1jaros j\u00f3venes necesitan durante sus primeras etapas de vida. Adem\u00e1s, su atractivo color amarillo estimula el apetito de los peque\u00f1os p\u00e1jaros, asegurando que obtengan la energ\u00eda y prote\u00ednas necesarias para un crecimiento saludable.\" \/>\n<meta property=\"og:url\" content=\"https:\/\/galiancogasa.net\/tienda\/producto\/pasta-de-cria-amarilla-galian-900-gr-cu\/\" \/>\n<meta property=\"og:site_name\" content=\"Galian Cogasa\" \/>\n<meta property=\"article:modified_time\" content=\"2026-02-13T20:04:22+00:00\" \/>\n<meta property=\"og:image\" content=\"https:\/\/galiancogasa.net\/tienda\/wp-content\/uploads\/2024\/03\/9512500-2.jpg\" \/>\n\t<meta property=\"og:image:width\" content=\"1080\" \/>\n\t<meta property=\"og:image:height\" content=\"1080\" \/>\n\t<meta property=\"og:image:type\" content=\"image\/jpeg\" \/>\n<meta name=\"twitter:card\" content=\"summary_large_image\" \/>\n<meta name=\"twitter:label1\" content=\"Tiempo de lectura\" \/>\n\t<meta name=\"twitter:data1\" content=\"2 minutos\" \/>\n<script type=\"application\/ld+json\" class=\"yoast-schema-graph\">{\"@context\":\"https:\/\/schema.org\",\"@graph\":[{\"@type\":\"WebPage\",\"@id\":\"https:\/\/galiancogasa.net\/tienda\/producto\/pasta-de-cria-amarilla-galian-900-gr-cu\/\",\"url\":\"https:\/\/galiancogasa.net\/tienda\/producto\/pasta-de-cria-amarilla-galian-900-gr-cu\/\",\"name\":\"PASTA DE CRIA AMARILLA GALIAN 900 GR CU - Galian Cogasa\",\"isPartOf\":{\"@id\":\"https:\/\/galiancogasa.net\/tienda\/#website\"},\"primaryImageOfPage\":{\"@id\":\"https:\/\/galiancogasa.net\/tienda\/producto\/pasta-de-cria-amarilla-galian-900-gr-cu\/#primaryimage\"},\"image\":{\"@id\":\"https:\/\/galiancogasa.net\/tienda\/producto\/pasta-de-cria-amarilla-galian-900-gr-cu\/#primaryimage\"},\"thumbnailUrl\":\"https:\/\/galiancogasa.net\/tienda\/wp-content\/uploads\/2024\/03\/9512500-2.jpg\",\"datePublished\":\"2024-03-17T11:20:08+00:00\",\"dateModified\":\"2026-02-13T20:04:22+00:00\",\"breadcrumb\":{\"@id\":\"https:\/\/galiancogasa.net\/tienda\/producto\/pasta-de-cria-amarilla-galian-900-gr-cu\/#breadcrumb\"},\"inLanguage\":\"es\",\"potentialAction\":[{\"@type\":\"ReadAction\",\"target\":[\"https:\/\/galiancogasa.net\/tienda\/producto\/pasta-de-cria-amarilla-galian-900-gr-cu\/\"]}]},{\"@type\":\"ImageObject\",\"inLanguage\":\"es\",\"@id\":\"https:\/\/galiancogasa.net\/tienda\/producto\/pasta-de-cria-amarilla-galian-900-gr-cu\/#primaryimage\",\"url\":\"https:\/\/galiancogasa.net\/tienda\/wp-content\/uploads\/2024\/03\/9512500-2.jpg\",\"contentUrl\":\"https:\/\/galiancogasa.net\/tienda\/wp-content\/uploads\/2024\/03\/9512500-2.jpg\",\"width\":1080,\"height\":1080},{\"@type\":\"BreadcrumbList\",\"@id\":\"https:\/\/galiancogasa.net\/tienda\/producto\/pasta-de-cria-amarilla-galian-900-gr-cu\/#breadcrumb\",\"itemListElement\":[{\"@type\":\"ListItem\",\"position\":1,\"name\":\"Home\",\"item\":\"https:\/\/galiancogasa.net\/tienda\/\"},{\"@type\":\"ListItem\",\"position\":2,\"name\":\"Tienda\",\"item\":\"https:\/\/galiancogasa.net\/tienda\/tienda\/\"},{\"@type\":\"ListItem\",\"position\":3,\"name\":\"PASTA DE CRIA AMARILLA GALIAN 900 GR CU\"}]},{\"@type\":\"WebSite\",\"@id\":\"https:\/\/galiancogasa.net\/tienda\/#website\",\"url\":\"https:\/\/galiancogasa.net\/tienda\/\",\"name\":\"Galian Cogasa\",\"description\":\"Tienda Online\",\"publisher\":{\"@id\":\"https:\/\/galiancogasa.net\/tienda\/#organization\"},\"potentialAction\":[{\"@type\":\"SearchAction\",\"target\":{\"@type\":\"EntryPoint\",\"urlTemplate\":\"https:\/\/galiancogasa.net\/tienda\/?s={search_term_string}\"},\"query-input\":{\"@type\":\"PropertyValueSpecification\",\"valueRequired\":true,\"valueName\":\"search_term_string\"}}],\"inLanguage\":\"es\"},{\"@type\":\"Organization\",\"@id\":\"https:\/\/galiancogasa.net\/tienda\/#organization\",\"name\":\"Galian Cogasa SL\",\"url\":\"https:\/\/galiancogasa.net\/tienda\/\",\"logo\":{\"@type\":\"ImageObject\",\"inLanguage\":\"es\",\"@id\":\"https:\/\/galiancogasa.net\/tienda\/#\/schema\/logo\/image\/\",\"url\":\"https:\/\/galiancogasa.net\/tienda\/wp-content\/uploads\/2024\/01\/logo-galian-v2.png\",\"contentUrl\":\"https:\/\/galiancogasa.net\/tienda\/wp-content\/uploads\/2024\/01\/logo-galian-v2.png\",\"width\":6156,\"height\":2296,\"caption\":\"Galian Cogasa SL\"},\"image\":{\"@id\":\"https:\/\/galiancogasa.net\/tienda\/#\/schema\/logo\/image\/\"}}]}<\/script>\n<!-- \/ Yoast SEO Premium plugin. -->","yoast_head_json":{"title":"PASTA DE CRIA AMARILLA GALIAN 900 GR CU - Galian Cogasa","robots":{"index":"index","follow":"follow","max-snippet":"max-snippet:-1","max-image-preview":"max-image-preview:large","max-video-preview":"max-video-preview:-1"},"canonical":"https:\/\/galiancogasa.net\/tienda\/producto\/pasta-de-cria-amarilla-galian-900-gr-cu\/","og_locale":"es_ES","og_type":"article","og_title":"PASTA DE CRIA AMARILLA GALIAN 900 GR CU","og_description":"Pasta de cr\u00eda amarilla para p\u00e1jaros de compa\u00f1\u00eda. Alimento ideal para asegurar el crecimiento y desarrollo \u00f3ptimo de los polluelos.  Formulada con ingredientes de alta calidad, esta pasta proporciona todos los nutrientes esenciales que los p\u00e1jaros j\u00f3venes necesitan durante sus primeras etapas de vida. Adem\u00e1s, su atractivo color amarillo estimula el apetito de los peque\u00f1os p\u00e1jaros, asegurando que obtengan la energ\u00eda y prote\u00ednas necesarias para un crecimiento saludable.","og_url":"https:\/\/galiancogasa.net\/tienda\/producto\/pasta-de-cria-amarilla-galian-900-gr-cu\/","og_site_name":"Galian Cogasa","article_modified_time":"2026-02-13T20:04:22+00:00","og_image":[{"width":1080,"height":1080,"url":"https:\/\/galiancogasa.net\/tienda\/wp-content\/uploads\/2024\/03\/9512500-2.jpg","type":"image\/jpeg"}],"twitter_card":"summary_large_image","twitter_misc":{"Tiempo de lectura":"2 minutos"},"schema":{"@context":"https:\/\/schema.org","@graph":[{"@type":"WebPage","@id":"https:\/\/galiancogasa.net\/tienda\/producto\/pasta-de-cria-amarilla-galian-900-gr-cu\/","url":"https:\/\/galiancogasa.net\/tienda\/producto\/pasta-de-cria-amarilla-galian-900-gr-cu\/","name":"PASTA DE CRIA AMARILLA GALIAN 900 GR CU - Galian Cogasa","isPartOf":{"@id":"https:\/\/galiancogasa.net\/tienda\/#website"},"primaryImageOfPage":{"@id":"https:\/\/galiancogasa.net\/tienda\/producto\/pasta-de-cria-amarilla-galian-900-gr-cu\/#primaryimage"},"image":{"@id":"https:\/\/galiancogasa.net\/tienda\/producto\/pasta-de-cria-amarilla-galian-900-gr-cu\/#primaryimage"},"thumbnailUrl":"https:\/\/galiancogasa.net\/tienda\/wp-content\/uploads\/2024\/03\/9512500-2.jpg","datePublished":"2024-03-17T11:20:08+00:00","dateModified":"2026-02-13T20:04:22+00:00","breadcrumb":{"@id":"https:\/\/galiancogasa.net\/tienda\/producto\/pasta-de-cria-amarilla-galian-900-gr-cu\/#breadcrumb"},"inLanguage":"es","potentialAction":[{"@type":"ReadAction","target":["https:\/\/galiancogasa.net\/tienda\/producto\/pasta-de-cria-amarilla-galian-900-gr-cu\/"]}]},{"@type":"ImageObject","inLanguage":"es","@id":"https:\/\/galiancogasa.net\/tienda\/producto\/pasta-de-cria-amarilla-galian-900-gr-cu\/#primaryimage","url":"https:\/\/galiancogasa.net\/tienda\/wp-content\/uploads\/2024\/03\/9512500-2.jpg","contentUrl":"https:\/\/galiancogasa.net\/tienda\/wp-content\/uploads\/2024\/03\/9512500-2.jpg","width":1080,"height":1080},{"@type":"BreadcrumbList","@id":"https:\/\/galiancogasa.net\/tienda\/producto\/pasta-de-cria-amarilla-galian-900-gr-cu\/#breadcrumb","itemListElement":[{"@type":"ListItem","position":1,"name":"Home","item":"https:\/\/galiancogasa.net\/tienda\/"},{"@type":"ListItem","position":2,"name":"Tienda","item":"https:\/\/galiancogasa.net\/tienda\/tienda\/"},{"@type":"ListItem","position":3,"name":"PASTA DE CRIA AMARILLA GALIAN 900 GR CU"}]},{"@type":"WebSite","@id":"https:\/\/galiancogasa.net\/tienda\/#website","url":"https:\/\/galiancogasa.net\/tienda\/","name":"Galian Cogasa","description":"Tienda Online","publisher":{"@id":"https:\/\/galiancogasa.net\/tienda\/#organization"},"potentialAction":[{"@type":"SearchAction","target":{"@type":"EntryPoint","urlTemplate":"https:\/\/galiancogasa.net\/tienda\/?s={search_term_string}"},"query-input":{"@type":"PropertyValueSpecification","valueRequired":true,"valueName":"search_term_string"}}],"inLanguage":"es"},{"@type":"Organization","@id":"https:\/\/galiancogasa.net\/tienda\/#organization","name":"Galian Cogasa SL","url":"https:\/\/galiancogasa.net\/tienda\/","logo":{"@type":"ImageObject","inLanguage":"es","@id":"https:\/\/galiancogasa.net\/tienda\/#\/schema\/logo\/image\/","url":"https:\/\/galiancogasa.net\/tienda\/wp-content\/uploads\/2024\/01\/logo-galian-v2.png","contentUrl":"https:\/\/galiancogasa.net\/tienda\/wp-content\/uploads\/2024\/01\/logo-galian-v2.png","width":6156,"height":2296,"caption":"Galian Cogasa SL"},"image":{"@id":"https:\/\/galiancogasa.net\/tienda\/#\/schema\/logo\/image\/"}}]}},"_links":{"self":[{"href":"https:\/\/galiancogasa.net\/tienda\/wp-json\/wp\/v2\/product\/6638","targetHints":{"allow":["GET"]}}],"collection":[{"href":"https:\/\/galiancogasa.net\/tienda\/wp-json\/wp\/v2\/product"}],"about":[{"href":"https:\/\/galiancogasa.net\/tienda\/wp-json\/wp\/v2\/types\/product"}],"wp:featuredmedia":[{"embeddable":true,"href":"https:\/\/galiancogasa.net\/tienda\/wp-json\/wp\/v2\/media\/18654"}],"wp:attachment":[{"href":"https:\/\/galiancogasa.net\/tienda\/wp-json\/wp\/v2\/media?parent=6638"}],"wp:term":[{"taxonomy":"product_brand","embeddable":true,"href":"https:\/\/galiancogasa.net\/tienda\/wp-json\/wp\/v2\/product_brand?post=6638"},{"taxonomy":"product_cat","embeddable":true,"href":"https:\/\/galiancogasa.net\/tienda\/wp-json\/wp\/v2\/product_cat?post=6638"},{"taxonomy":"product_tag","embeddable":true,"href":"https:\/\/galiancogasa.net\/tienda\/wp-json\/wp\/v2\/product_tag?post=6638"}],"curies":[{"name":"wp","href":"https:\/\/api.w.org\/{rel}","templated":true}]}}