{"id":6083,"date":"2024-03-17T03:19:21","date_gmt":"2024-03-17T02:19:21","guid":{"rendered":"https:\/\/galiancogasa.net\/tienda\/producto\/mixtura-cobayas-20-kg\/"},"modified":"2026-02-13T20:38:38","modified_gmt":"2026-02-13T19:38:38","slug":"mixtura-cobayas-20-kg","status":"publish","type":"product","link":"https:\/\/galiancogasa.net\/tienda\/producto\/mixtura-cobayas-20-kg\/","title":{"rendered":"MIXTURA COBAYAS 20 KG"},"content":{"rendered":"<p><strong>Mezcla de semillas premium para cobayas. Alimento equilibrado.<\/strong><\/p>\n<p><strong><u>Composici\u00f3n<\/u><\/strong><\/p>\n<p>Gr\u00e1nulo de roedores, copos de ma\u00edz, extrusionado roedores (aro grande aro grande y palo), cebada, alfalfa extrudada, copos de guisante.<\/p>\n<p><strong><u>Componentes anal\u00edticos<\/u><\/strong><\/p>\n<p>Humedad 8.73%, ceniza 4.21%, prote\u00edna bruta 17.13%, aceite y grasa bruta 9.10%, fibra bruta 4.54%.<\/p>\n<p>Aditivos del gr\u00e1nulo: Oligoelementos mg\/kg: 0,40 cobalto (carbonato de cobalto)(3b304), 20,40 cobre (sufato c\u00faprico pentahidratado)(E-4), 100 hierro (carbonato ferroso)(E-1), 1,3 iodo (ioduro pot\u00e1sico)(3b201), 24,8 manganeso (\u00f3xido de manganeso)(E-5), 0,22 selenio (selenito s\u00f3dico)(E-8), 97,50 zinc (\u00f3xido de zinc)(3b603). Conservantes mg\/kg: 300 \u00e1cido c\u00edtrico (E-330), 30 \u00e1cido f\u00f3rmico (E-236), 25 \u00e1cido ortofosf\u00f3rico (E-338), 10 \u00e1cido propi\u00f3nico (E-280). Vitaminas: 10000IU\/kg Vitamina A (3a672a), 2000IU\/kg Vitamina D3 (E-671), 5mg\/kg Vitamina E (3a700). Aditivos del aro peque\u00f1o: Vitamina A 8000UI, Vitamina D3 15000UI, Vitamina E 15mgr\/kg, Vitamina K3 2mgr\/kg, Vitamina B1 1mgr\/kg, Vitamina B2 3mgr\/kg, Vitamina B6 12mgr\/kg, Vitamina B12 10mgr\/kg, \u00c1cido nicotinico 16mgr\/kg, Zinc (\u00f3xido) 80mgr\/kg, Manganeso (\u00f3xido) 37mgr\/kg, Hierro (sulfato ferroso) 30mgr\/kg, Cobre (sul c\u00faprico pentah.) 20mgr\/kg, Yodo (ioduro pot\u00e1sico) 0,7mgr\/kg.<\/p>\n<p><strong><u>Formatos disponibles<\/u><\/strong><\/p>\n<p>20KG envasado en saco de rafia (referencia 9007300).<\/p>\n<p>700GR envasado en bolsa de pl\u00e1stico con atm\u00f3sfera modificada (referencia 9050077).<\/p>\n<p>700GR (referencia 9360330) y 4KG (referencia 9360332) envasado en cubo de pl\u00e1stico con ergon\u00f3mica asa.<\/p>\n<p><strong><u>Instrucciones de uso<\/u><\/strong><\/p>\n<p>A libre disposici\u00f3n o racionado.<\/p>\n<p><strong><u>Observaciones<\/u><\/strong><\/p>\n<p>Conservar el producto en lugar fresco y seco. En \u00e9pocas de calor, almacenar la menor cantidad posible.<\/p>\n","protected":false},"excerpt":{"rendered":"<p>Mezcla de semillas premium para cobayas. Alimento equilibrado.<\/p>\n","protected":false},"featured_media":18361,"template":"","meta":{"_acf_changed":false},"product_brand":[],"product_cat":[278],"product_tag":[],"class_list":{"0":"post-6083","1":"product","2":"type-product","3":"status-publish","4":"has-post-thumbnail","6":"familia_producto-394","7":"product_cat-mixturas-y-piensos-compuestos","9":"first","10":"instock","11":"taxable","12":"shipping-taxable","13":"purchasable","14":"product-type-simple"},"acf":[],"yoast_head":"<!-- This site is optimized with the Yoast SEO Premium plugin v25.2 (Yoast SEO v27.3) - https:\/\/yoast.com\/product\/yoast-seo-premium-wordpress\/ -->\n<title>MIXTURA COBAYAS 20 KG - Galian Cogasa<\/title>\n<meta name=\"robots\" content=\"index, follow, max-snippet:-1, max-image-preview:large, max-video-preview:-1\" \/>\n<link rel=\"canonical\" href=\"https:\/\/galiancogasa.net\/tienda\/producto\/mixtura-cobayas-20-kg\/\" \/>\n<meta property=\"og:locale\" content=\"es_ES\" \/>\n<meta property=\"og:type\" content=\"article\" \/>\n<meta property=\"og:title\" content=\"MIXTURA COBAYAS 20 KG\" \/>\n<meta property=\"og:description\" content=\"Mezcla de semillas premium para cobayas. Alimento equilibrado.\" \/>\n<meta property=\"og:url\" content=\"https:\/\/galiancogasa.net\/tienda\/producto\/mixtura-cobayas-20-kg\/\" \/>\n<meta property=\"og:site_name\" content=\"Galian Cogasa\" \/>\n<meta property=\"article:modified_time\" content=\"2026-02-13T19:38:38+00:00\" \/>\n<meta property=\"og:image\" content=\"https:\/\/galiancogasa.net\/tienda\/wp-content\/uploads\/2024\/03\/9007300-1.jpg\" \/>\n\t<meta property=\"og:image:width\" content=\"1080\" \/>\n\t<meta property=\"og:image:height\" content=\"1080\" \/>\n\t<meta property=\"og:image:type\" content=\"image\/jpeg\" \/>\n<meta name=\"twitter:card\" content=\"summary_large_image\" \/>\n<meta name=\"twitter:label1\" content=\"Tiempo de lectura\" \/>\n\t<meta name=\"twitter:data1\" content=\"2 minutos\" \/>\n<script type=\"application\/ld+json\" class=\"yoast-schema-graph\">{\"@context\":\"https:\\\/\\\/schema.org\",\"@graph\":[{\"@type\":\"WebPage\",\"@id\":\"https:\\\/\\\/galiancogasa.net\\\/tienda\\\/producto\\\/mixtura-cobayas-20-kg\\\/\",\"url\":\"https:\\\/\\\/galiancogasa.net\\\/tienda\\\/producto\\\/mixtura-cobayas-20-kg\\\/\",\"name\":\"MIXTURA COBAYAS 20 KG - Galian Cogasa\",\"isPartOf\":{\"@id\":\"https:\\\/\\\/galiancogasa.net\\\/tienda\\\/#website\"},\"primaryImageOfPage\":{\"@id\":\"https:\\\/\\\/galiancogasa.net\\\/tienda\\\/producto\\\/mixtura-cobayas-20-kg\\\/#primaryimage\"},\"image\":{\"@id\":\"https:\\\/\\\/galiancogasa.net\\\/tienda\\\/producto\\\/mixtura-cobayas-20-kg\\\/#primaryimage\"},\"thumbnailUrl\":\"https:\\\/\\\/galiancogasa.net\\\/tienda\\\/wp-content\\\/uploads\\\/2024\\\/03\\\/9007300-1.jpg\",\"datePublished\":\"2024-03-17T02:19:21+00:00\",\"dateModified\":\"2026-02-13T19:38:38+00:00\",\"breadcrumb\":{\"@id\":\"https:\\\/\\\/galiancogasa.net\\\/tienda\\\/producto\\\/mixtura-cobayas-20-kg\\\/#breadcrumb\"},\"inLanguage\":\"es\",\"potentialAction\":[{\"@type\":\"ReadAction\",\"target\":[\"https:\\\/\\\/galiancogasa.net\\\/tienda\\\/producto\\\/mixtura-cobayas-20-kg\\\/\"]}]},{\"@type\":\"ImageObject\",\"inLanguage\":\"es\",\"@id\":\"https:\\\/\\\/galiancogasa.net\\\/tienda\\\/producto\\\/mixtura-cobayas-20-kg\\\/#primaryimage\",\"url\":\"https:\\\/\\\/galiancogasa.net\\\/tienda\\\/wp-content\\\/uploads\\\/2024\\\/03\\\/9007300-1.jpg\",\"contentUrl\":\"https:\\\/\\\/galiancogasa.net\\\/tienda\\\/wp-content\\\/uploads\\\/2024\\\/03\\\/9007300-1.jpg\",\"width\":1080,\"height\":1080},{\"@type\":\"BreadcrumbList\",\"@id\":\"https:\\\/\\\/galiancogasa.net\\\/tienda\\\/producto\\\/mixtura-cobayas-20-kg\\\/#breadcrumb\",\"itemListElement\":[{\"@type\":\"ListItem\",\"position\":1,\"name\":\"Home\",\"item\":\"https:\\\/\\\/galiancogasa.net\\\/tienda\\\/\"},{\"@type\":\"ListItem\",\"position\":2,\"name\":\"Tienda\",\"item\":\"https:\\\/\\\/galiancogasa.net\\\/tienda\\\/tienda\\\/\"},{\"@type\":\"ListItem\",\"position\":3,\"name\":\"MIXTURA COBAYAS 20 KG\"}]},{\"@type\":\"WebSite\",\"@id\":\"https:\\\/\\\/galiancogasa.net\\\/tienda\\\/#website\",\"url\":\"https:\\\/\\\/galiancogasa.net\\\/tienda\\\/\",\"name\":\"Galian Cogasa\",\"description\":\"Tienda Online\",\"publisher\":{\"@id\":\"https:\\\/\\\/galiancogasa.net\\\/tienda\\\/#organization\"},\"potentialAction\":[{\"@type\":\"SearchAction\",\"target\":{\"@type\":\"EntryPoint\",\"urlTemplate\":\"https:\\\/\\\/galiancogasa.net\\\/tienda\\\/?s={search_term_string}\"},\"query-input\":{\"@type\":\"PropertyValueSpecification\",\"valueRequired\":true,\"valueName\":\"search_term_string\"}}],\"inLanguage\":\"es\"},{\"@type\":\"Organization\",\"@id\":\"https:\\\/\\\/galiancogasa.net\\\/tienda\\\/#organization\",\"name\":\"Galian Cogasa SL\",\"url\":\"https:\\\/\\\/galiancogasa.net\\\/tienda\\\/\",\"logo\":{\"@type\":\"ImageObject\",\"inLanguage\":\"es\",\"@id\":\"https:\\\/\\\/galiancogasa.net\\\/tienda\\\/#\\\/schema\\\/logo\\\/image\\\/\",\"url\":\"https:\\\/\\\/galiancogasa.net\\\/tienda\\\/wp-content\\\/uploads\\\/2024\\\/01\\\/logo-galian-v2.png\",\"contentUrl\":\"https:\\\/\\\/galiancogasa.net\\\/tienda\\\/wp-content\\\/uploads\\\/2024\\\/01\\\/logo-galian-v2.png\",\"width\":6156,\"height\":2296,\"caption\":\"Galian Cogasa SL\"},\"image\":{\"@id\":\"https:\\\/\\\/galiancogasa.net\\\/tienda\\\/#\\\/schema\\\/logo\\\/image\\\/\"}}]}<\/script>\n<!-- \/ Yoast SEO Premium plugin. -->","yoast_head_json":{"title":"MIXTURA COBAYAS 20 KG - Galian Cogasa","robots":{"index":"index","follow":"follow","max-snippet":"max-snippet:-1","max-image-preview":"max-image-preview:large","max-video-preview":"max-video-preview:-1"},"canonical":"https:\/\/galiancogasa.net\/tienda\/producto\/mixtura-cobayas-20-kg\/","og_locale":"es_ES","og_type":"article","og_title":"MIXTURA COBAYAS 20 KG","og_description":"Mezcla de semillas premium para cobayas. Alimento equilibrado.","og_url":"https:\/\/galiancogasa.net\/tienda\/producto\/mixtura-cobayas-20-kg\/","og_site_name":"Galian Cogasa","article_modified_time":"2026-02-13T19:38:38+00:00","og_image":[{"width":1080,"height":1080,"url":"https:\/\/galiancogasa.net\/tienda\/wp-content\/uploads\/2024\/03\/9007300-1.jpg","type":"image\/jpeg"}],"twitter_card":"summary_large_image","twitter_misc":{"Tiempo de lectura":"2 minutos"},"schema":{"@context":"https:\/\/schema.org","@graph":[{"@type":"WebPage","@id":"https:\/\/galiancogasa.net\/tienda\/producto\/mixtura-cobayas-20-kg\/","url":"https:\/\/galiancogasa.net\/tienda\/producto\/mixtura-cobayas-20-kg\/","name":"MIXTURA COBAYAS 20 KG - Galian Cogasa","isPartOf":{"@id":"https:\/\/galiancogasa.net\/tienda\/#website"},"primaryImageOfPage":{"@id":"https:\/\/galiancogasa.net\/tienda\/producto\/mixtura-cobayas-20-kg\/#primaryimage"},"image":{"@id":"https:\/\/galiancogasa.net\/tienda\/producto\/mixtura-cobayas-20-kg\/#primaryimage"},"thumbnailUrl":"https:\/\/galiancogasa.net\/tienda\/wp-content\/uploads\/2024\/03\/9007300-1.jpg","datePublished":"2024-03-17T02:19:21+00:00","dateModified":"2026-02-13T19:38:38+00:00","breadcrumb":{"@id":"https:\/\/galiancogasa.net\/tienda\/producto\/mixtura-cobayas-20-kg\/#breadcrumb"},"inLanguage":"es","potentialAction":[{"@type":"ReadAction","target":["https:\/\/galiancogasa.net\/tienda\/producto\/mixtura-cobayas-20-kg\/"]}]},{"@type":"ImageObject","inLanguage":"es","@id":"https:\/\/galiancogasa.net\/tienda\/producto\/mixtura-cobayas-20-kg\/#primaryimage","url":"https:\/\/galiancogasa.net\/tienda\/wp-content\/uploads\/2024\/03\/9007300-1.jpg","contentUrl":"https:\/\/galiancogasa.net\/tienda\/wp-content\/uploads\/2024\/03\/9007300-1.jpg","width":1080,"height":1080},{"@type":"BreadcrumbList","@id":"https:\/\/galiancogasa.net\/tienda\/producto\/mixtura-cobayas-20-kg\/#breadcrumb","itemListElement":[{"@type":"ListItem","position":1,"name":"Home","item":"https:\/\/galiancogasa.net\/tienda\/"},{"@type":"ListItem","position":2,"name":"Tienda","item":"https:\/\/galiancogasa.net\/tienda\/tienda\/"},{"@type":"ListItem","position":3,"name":"MIXTURA COBAYAS 20 KG"}]},{"@type":"WebSite","@id":"https:\/\/galiancogasa.net\/tienda\/#website","url":"https:\/\/galiancogasa.net\/tienda\/","name":"Galian Cogasa","description":"Tienda Online","publisher":{"@id":"https:\/\/galiancogasa.net\/tienda\/#organization"},"potentialAction":[{"@type":"SearchAction","target":{"@type":"EntryPoint","urlTemplate":"https:\/\/galiancogasa.net\/tienda\/?s={search_term_string}"},"query-input":{"@type":"PropertyValueSpecification","valueRequired":true,"valueName":"search_term_string"}}],"inLanguage":"es"},{"@type":"Organization","@id":"https:\/\/galiancogasa.net\/tienda\/#organization","name":"Galian Cogasa SL","url":"https:\/\/galiancogasa.net\/tienda\/","logo":{"@type":"ImageObject","inLanguage":"es","@id":"https:\/\/galiancogasa.net\/tienda\/#\/schema\/logo\/image\/","url":"https:\/\/galiancogasa.net\/tienda\/wp-content\/uploads\/2024\/01\/logo-galian-v2.png","contentUrl":"https:\/\/galiancogasa.net\/tienda\/wp-content\/uploads\/2024\/01\/logo-galian-v2.png","width":6156,"height":2296,"caption":"Galian Cogasa SL"},"image":{"@id":"https:\/\/galiancogasa.net\/tienda\/#\/schema\/logo\/image\/"}}]}},"_links":{"self":[{"href":"https:\/\/galiancogasa.net\/tienda\/wp-json\/wp\/v2\/product\/6083","targetHints":{"allow":["GET"]}}],"collection":[{"href":"https:\/\/galiancogasa.net\/tienda\/wp-json\/wp\/v2\/product"}],"about":[{"href":"https:\/\/galiancogasa.net\/tienda\/wp-json\/wp\/v2\/types\/product"}],"wp:featuredmedia":[{"embeddable":true,"href":"https:\/\/galiancogasa.net\/tienda\/wp-json\/wp\/v2\/media\/18361"}],"wp:attachment":[{"href":"https:\/\/galiancogasa.net\/tienda\/wp-json\/wp\/v2\/media?parent=6083"}],"wp:term":[{"taxonomy":"product_brand","embeddable":true,"href":"https:\/\/galiancogasa.net\/tienda\/wp-json\/wp\/v2\/product_brand?post=6083"},{"taxonomy":"product_cat","embeddable":true,"href":"https:\/\/galiancogasa.net\/tienda\/wp-json\/wp\/v2\/product_cat?post=6083"},{"taxonomy":"product_tag","embeddable":true,"href":"https:\/\/galiancogasa.net\/tienda\/wp-json\/wp\/v2\/product_tag?post=6083"}],"curies":[{"name":"wp","href":"https:\/\/api.w.org\/{rel}","templated":true}]}}