{"id":1711,"date":"2024-03-16T22:06:31","date_gmt":"2024-03-16T21:06:31","guid":{"rendered":"https:\/\/galiancogasa.net\/tienda\/producto\/grit-pajaros-con-carbon-galian-cubo-8-5k\/"},"modified":"2026-02-13T21:03:35","modified_gmt":"2026-02-13T20:03:35","slug":"grit-pajaros-con-carbon-galian-cubo-8-5k","status":"publish","type":"product","link":"https:\/\/galiancogasa.net\/tienda\/producto\/grit-pajaros-con-carbon-galian-cubo-8-5k\/","title":{"rendered":"GRIT PAJAROS CON CARBON GALIAN CUBO 8.5K"},"content":{"rendered":"<p>Dise\u00f1ado espec\u00edficamente para mejorar la salud digestiva y general de tus p\u00e1jaros, el Grit P\u00e1jaros Con Carb\u00f3n Galian es esencial para cualquier cuidador comprometido con ofrecer una dieta balanceada y completa a sus mascotas emplumadas.<\/p>\n<p><u>Composici\u00f3n<\/u><\/p>\n<p>Conchas marinas calizas, Arena de S\u00edlice, piedra roja, sal, carb\u00f3n vegetal.<\/p>\n<p><u>Formatos disponibles<\/u><\/p>\n<p>20KG envasado en saco de rafia (referencia 9481120), 8.5KG (referencia 9481126) y 1.25KG (referencia 9481124) en cubo de pl\u00e1stico.<\/p>\n<p><u>Instrucciones de uso<\/u><\/p>\n<p>A libre disposici\u00f3n. Indispensable en \u00e9poca de concursos.<\/p>\n<p>A\u00f1ade una peque\u00f1a cantidad de grit en un recipiente separado o m\u00e9zclalo con su alimento habitual. Aseg\u00farate de que tus p\u00e1jaros siempre tengan acceso a agua fresca y limpia.<\/p>\n<p><u>Observaciones<\/u><\/p>\n<p>Conservar el producto en lugar fresco y seco.<\/p>\n","protected":false},"excerpt":{"rendered":"<p>Dise\u00f1ado espec\u00edficamente para mejorar la salud digestiva y general de tus p\u00e1jaros, el Grit P\u00e1jaros Con Carb\u00f3n Galian es esencial para cualquier cuidador comprometido con ofrecer una dieta balanceada y completa a sus mascotas emplumadas.<\/p>\n","protected":false},"featured_media":18699,"template":"","meta":{"_acf_changed":false},"product_brand":[],"product_cat":[153],"product_tag":[],"class_list":{"0":"post-1711","1":"product","2":"type-product","3":"status-publish","4":"has-post-thumbnail","6":"familia_producto-351","7":"product_cat-suplementos","9":"first","10":"instock","11":"taxable","12":"shipping-taxable","13":"purchasable","14":"product-type-simple"},"acf":[],"yoast_head":"<!-- This site is optimized with the Yoast SEO Premium plugin v25.2 (Yoast SEO v27.3) - https:\/\/yoast.com\/product\/yoast-seo-premium-wordpress\/ -->\n<title>GRIT PAJAROS CON CARBON GALIAN CUBO 8.5K - Galian Cogasa<\/title>\n<meta name=\"robots\" content=\"index, follow, max-snippet:-1, max-image-preview:large, max-video-preview:-1\" \/>\n<link rel=\"canonical\" href=\"https:\/\/galiancogasa.net\/tienda\/producto\/grit-pajaros-con-carbon-galian-cubo-8-5k\/\" \/>\n<meta property=\"og:locale\" content=\"es_ES\" \/>\n<meta property=\"og:type\" content=\"article\" \/>\n<meta property=\"og:title\" content=\"GRIT PAJAROS CON CARBON GALIAN CUBO 8.5K\" \/>\n<meta property=\"og:description\" content=\"Dise\u00f1ado espec\u00edficamente para mejorar la salud digestiva y general de tus p\u00e1jaros, el Grit P\u00e1jaros Con Carb\u00f3n Galian es esencial para cualquier cuidador comprometido con ofrecer una dieta balanceada y completa a sus mascotas emplumadas.\" \/>\n<meta property=\"og:url\" content=\"https:\/\/galiancogasa.net\/tienda\/producto\/grit-pajaros-con-carbon-galian-cubo-8-5k\/\" \/>\n<meta property=\"og:site_name\" content=\"Galian Cogasa\" \/>\n<meta property=\"article:modified_time\" content=\"2026-02-13T20:03:35+00:00\" \/>\n<meta property=\"og:image\" content=\"https:\/\/galiancogasa.net\/tienda\/wp-content\/uploads\/2024\/03\/9481126.jpg\" \/>\n\t<meta property=\"og:image:width\" content=\"1080\" \/>\n\t<meta property=\"og:image:height\" content=\"1080\" \/>\n\t<meta property=\"og:image:type\" content=\"image\/jpeg\" \/>\n<meta name=\"twitter:card\" content=\"summary_large_image\" \/>\n<meta name=\"twitter:label1\" content=\"Tiempo de lectura\" \/>\n\t<meta name=\"twitter:data1\" content=\"1 minuto\" \/>\n<script type=\"application\/ld+json\" class=\"yoast-schema-graph\">{\"@context\":\"https:\\\/\\\/schema.org\",\"@graph\":[{\"@type\":\"WebPage\",\"@id\":\"https:\\\/\\\/galiancogasa.net\\\/tienda\\\/producto\\\/grit-pajaros-con-carbon-galian-cubo-8-5k\\\/\",\"url\":\"https:\\\/\\\/galiancogasa.net\\\/tienda\\\/producto\\\/grit-pajaros-con-carbon-galian-cubo-8-5k\\\/\",\"name\":\"GRIT PAJAROS CON CARBON GALIAN CUBO 8.5K - Galian Cogasa\",\"isPartOf\":{\"@id\":\"https:\\\/\\\/galiancogasa.net\\\/tienda\\\/#website\"},\"primaryImageOfPage\":{\"@id\":\"https:\\\/\\\/galiancogasa.net\\\/tienda\\\/producto\\\/grit-pajaros-con-carbon-galian-cubo-8-5k\\\/#primaryimage\"},\"image\":{\"@id\":\"https:\\\/\\\/galiancogasa.net\\\/tienda\\\/producto\\\/grit-pajaros-con-carbon-galian-cubo-8-5k\\\/#primaryimage\"},\"thumbnailUrl\":\"https:\\\/\\\/galiancogasa.net\\\/tienda\\\/wp-content\\\/uploads\\\/2024\\\/03\\\/9481126.jpg\",\"datePublished\":\"2024-03-16T21:06:31+00:00\",\"dateModified\":\"2026-02-13T20:03:35+00:00\",\"breadcrumb\":{\"@id\":\"https:\\\/\\\/galiancogasa.net\\\/tienda\\\/producto\\\/grit-pajaros-con-carbon-galian-cubo-8-5k\\\/#breadcrumb\"},\"inLanguage\":\"es\",\"potentialAction\":[{\"@type\":\"ReadAction\",\"target\":[\"https:\\\/\\\/galiancogasa.net\\\/tienda\\\/producto\\\/grit-pajaros-con-carbon-galian-cubo-8-5k\\\/\"]}]},{\"@type\":\"ImageObject\",\"inLanguage\":\"es\",\"@id\":\"https:\\\/\\\/galiancogasa.net\\\/tienda\\\/producto\\\/grit-pajaros-con-carbon-galian-cubo-8-5k\\\/#primaryimage\",\"url\":\"https:\\\/\\\/galiancogasa.net\\\/tienda\\\/wp-content\\\/uploads\\\/2024\\\/03\\\/9481126.jpg\",\"contentUrl\":\"https:\\\/\\\/galiancogasa.net\\\/tienda\\\/wp-content\\\/uploads\\\/2024\\\/03\\\/9481126.jpg\",\"width\":1080,\"height\":1080},{\"@type\":\"BreadcrumbList\",\"@id\":\"https:\\\/\\\/galiancogasa.net\\\/tienda\\\/producto\\\/grit-pajaros-con-carbon-galian-cubo-8-5k\\\/#breadcrumb\",\"itemListElement\":[{\"@type\":\"ListItem\",\"position\":1,\"name\":\"Home\",\"item\":\"https:\\\/\\\/galiancogasa.net\\\/tienda\\\/\"},{\"@type\":\"ListItem\",\"position\":2,\"name\":\"Tienda\",\"item\":\"https:\\\/\\\/galiancogasa.net\\\/tienda\\\/tienda\\\/\"},{\"@type\":\"ListItem\",\"position\":3,\"name\":\"GRIT PAJAROS CON CARBON GALIAN CUBO 8.5K\"}]},{\"@type\":\"WebSite\",\"@id\":\"https:\\\/\\\/galiancogasa.net\\\/tienda\\\/#website\",\"url\":\"https:\\\/\\\/galiancogasa.net\\\/tienda\\\/\",\"name\":\"Galian Cogasa\",\"description\":\"Tienda Online\",\"publisher\":{\"@id\":\"https:\\\/\\\/galiancogasa.net\\\/tienda\\\/#organization\"},\"potentialAction\":[{\"@type\":\"SearchAction\",\"target\":{\"@type\":\"EntryPoint\",\"urlTemplate\":\"https:\\\/\\\/galiancogasa.net\\\/tienda\\\/?s={search_term_string}\"},\"query-input\":{\"@type\":\"PropertyValueSpecification\",\"valueRequired\":true,\"valueName\":\"search_term_string\"}}],\"inLanguage\":\"es\"},{\"@type\":\"Organization\",\"@id\":\"https:\\\/\\\/galiancogasa.net\\\/tienda\\\/#organization\",\"name\":\"Galian Cogasa SL\",\"url\":\"https:\\\/\\\/galiancogasa.net\\\/tienda\\\/\",\"logo\":{\"@type\":\"ImageObject\",\"inLanguage\":\"es\",\"@id\":\"https:\\\/\\\/galiancogasa.net\\\/tienda\\\/#\\\/schema\\\/logo\\\/image\\\/\",\"url\":\"https:\\\/\\\/galiancogasa.net\\\/tienda\\\/wp-content\\\/uploads\\\/2024\\\/01\\\/logo-galian-v2.png\",\"contentUrl\":\"https:\\\/\\\/galiancogasa.net\\\/tienda\\\/wp-content\\\/uploads\\\/2024\\\/01\\\/logo-galian-v2.png\",\"width\":6156,\"height\":2296,\"caption\":\"Galian Cogasa SL\"},\"image\":{\"@id\":\"https:\\\/\\\/galiancogasa.net\\\/tienda\\\/#\\\/schema\\\/logo\\\/image\\\/\"}}]}<\/script>\n<!-- \/ Yoast SEO Premium plugin. -->","yoast_head_json":{"title":"GRIT PAJAROS CON CARBON GALIAN CUBO 8.5K - Galian Cogasa","robots":{"index":"index","follow":"follow","max-snippet":"max-snippet:-1","max-image-preview":"max-image-preview:large","max-video-preview":"max-video-preview:-1"},"canonical":"https:\/\/galiancogasa.net\/tienda\/producto\/grit-pajaros-con-carbon-galian-cubo-8-5k\/","og_locale":"es_ES","og_type":"article","og_title":"GRIT PAJAROS CON CARBON GALIAN CUBO 8.5K","og_description":"Dise\u00f1ado espec\u00edficamente para mejorar la salud digestiva y general de tus p\u00e1jaros, el Grit P\u00e1jaros Con Carb\u00f3n Galian es esencial para cualquier cuidador comprometido con ofrecer una dieta balanceada y completa a sus mascotas emplumadas.","og_url":"https:\/\/galiancogasa.net\/tienda\/producto\/grit-pajaros-con-carbon-galian-cubo-8-5k\/","og_site_name":"Galian Cogasa","article_modified_time":"2026-02-13T20:03:35+00:00","og_image":[{"width":1080,"height":1080,"url":"https:\/\/galiancogasa.net\/tienda\/wp-content\/uploads\/2024\/03\/9481126.jpg","type":"image\/jpeg"}],"twitter_card":"summary_large_image","twitter_misc":{"Tiempo de lectura":"1 minuto"},"schema":{"@context":"https:\/\/schema.org","@graph":[{"@type":"WebPage","@id":"https:\/\/galiancogasa.net\/tienda\/producto\/grit-pajaros-con-carbon-galian-cubo-8-5k\/","url":"https:\/\/galiancogasa.net\/tienda\/producto\/grit-pajaros-con-carbon-galian-cubo-8-5k\/","name":"GRIT PAJAROS CON CARBON GALIAN CUBO 8.5K - Galian Cogasa","isPartOf":{"@id":"https:\/\/galiancogasa.net\/tienda\/#website"},"primaryImageOfPage":{"@id":"https:\/\/galiancogasa.net\/tienda\/producto\/grit-pajaros-con-carbon-galian-cubo-8-5k\/#primaryimage"},"image":{"@id":"https:\/\/galiancogasa.net\/tienda\/producto\/grit-pajaros-con-carbon-galian-cubo-8-5k\/#primaryimage"},"thumbnailUrl":"https:\/\/galiancogasa.net\/tienda\/wp-content\/uploads\/2024\/03\/9481126.jpg","datePublished":"2024-03-16T21:06:31+00:00","dateModified":"2026-02-13T20:03:35+00:00","breadcrumb":{"@id":"https:\/\/galiancogasa.net\/tienda\/producto\/grit-pajaros-con-carbon-galian-cubo-8-5k\/#breadcrumb"},"inLanguage":"es","potentialAction":[{"@type":"ReadAction","target":["https:\/\/galiancogasa.net\/tienda\/producto\/grit-pajaros-con-carbon-galian-cubo-8-5k\/"]}]},{"@type":"ImageObject","inLanguage":"es","@id":"https:\/\/galiancogasa.net\/tienda\/producto\/grit-pajaros-con-carbon-galian-cubo-8-5k\/#primaryimage","url":"https:\/\/galiancogasa.net\/tienda\/wp-content\/uploads\/2024\/03\/9481126.jpg","contentUrl":"https:\/\/galiancogasa.net\/tienda\/wp-content\/uploads\/2024\/03\/9481126.jpg","width":1080,"height":1080},{"@type":"BreadcrumbList","@id":"https:\/\/galiancogasa.net\/tienda\/producto\/grit-pajaros-con-carbon-galian-cubo-8-5k\/#breadcrumb","itemListElement":[{"@type":"ListItem","position":1,"name":"Home","item":"https:\/\/galiancogasa.net\/tienda\/"},{"@type":"ListItem","position":2,"name":"Tienda","item":"https:\/\/galiancogasa.net\/tienda\/tienda\/"},{"@type":"ListItem","position":3,"name":"GRIT PAJAROS CON CARBON GALIAN CUBO 8.5K"}]},{"@type":"WebSite","@id":"https:\/\/galiancogasa.net\/tienda\/#website","url":"https:\/\/galiancogasa.net\/tienda\/","name":"Galian Cogasa","description":"Tienda Online","publisher":{"@id":"https:\/\/galiancogasa.net\/tienda\/#organization"},"potentialAction":[{"@type":"SearchAction","target":{"@type":"EntryPoint","urlTemplate":"https:\/\/galiancogasa.net\/tienda\/?s={search_term_string}"},"query-input":{"@type":"PropertyValueSpecification","valueRequired":true,"valueName":"search_term_string"}}],"inLanguage":"es"},{"@type":"Organization","@id":"https:\/\/galiancogasa.net\/tienda\/#organization","name":"Galian Cogasa SL","url":"https:\/\/galiancogasa.net\/tienda\/","logo":{"@type":"ImageObject","inLanguage":"es","@id":"https:\/\/galiancogasa.net\/tienda\/#\/schema\/logo\/image\/","url":"https:\/\/galiancogasa.net\/tienda\/wp-content\/uploads\/2024\/01\/logo-galian-v2.png","contentUrl":"https:\/\/galiancogasa.net\/tienda\/wp-content\/uploads\/2024\/01\/logo-galian-v2.png","width":6156,"height":2296,"caption":"Galian Cogasa SL"},"image":{"@id":"https:\/\/galiancogasa.net\/tienda\/#\/schema\/logo\/image\/"}}]}},"_links":{"self":[{"href":"https:\/\/galiancogasa.net\/tienda\/wp-json\/wp\/v2\/product\/1711","targetHints":{"allow":["GET"]}}],"collection":[{"href":"https:\/\/galiancogasa.net\/tienda\/wp-json\/wp\/v2\/product"}],"about":[{"href":"https:\/\/galiancogasa.net\/tienda\/wp-json\/wp\/v2\/types\/product"}],"wp:featuredmedia":[{"embeddable":true,"href":"https:\/\/galiancogasa.net\/tienda\/wp-json\/wp\/v2\/media\/18699"}],"wp:attachment":[{"href":"https:\/\/galiancogasa.net\/tienda\/wp-json\/wp\/v2\/media?parent=1711"}],"wp:term":[{"taxonomy":"product_brand","embeddable":true,"href":"https:\/\/galiancogasa.net\/tienda\/wp-json\/wp\/v2\/product_brand?post=1711"},{"taxonomy":"product_cat","embeddable":true,"href":"https:\/\/galiancogasa.net\/tienda\/wp-json\/wp\/v2\/product_cat?post=1711"},{"taxonomy":"product_tag","embeddable":true,"href":"https:\/\/galiancogasa.net\/tienda\/wp-json\/wp\/v2\/product_tag?post=1711"}],"curies":[{"name":"wp","href":"https:\/\/api.w.org\/{rel}","templated":true}]}}